s digit of 2622615434?
6
What is the hundreds digit of 613804495?
4
What is the tens digit of 83994955?
5
What is the hundreds digit of 80720892?
8
What is the thousands digit of 363914507?
4
What is the hundred thousands digit of 7084328?
0
What is the ten thousands digit of 40831508?
3
What is the millions digit of 502693565?
2
What is the ten thousands digit of 65280856?
8
What is the ten thousands digit of 327152819?
5
What is the ten millions digit of 129601730?
2
What is the ten millions digit of 5097736035?
9
What is the ten thousands digit of 182092990?
9
What is the hundred thousands digit of 70492963?
4
What is the units digit of 284890939?
9
What is the thousands digit of 81179408?
9
What is the tens digit of 661958484?
8
What is the thousands digit of 38231730?
1
What is the hundreds digit of 54089870?
8
What is the ten millions digit of 2180056419?
8
What is the thousands digit of 92952405?
2
What is the millions digit of 26243327?
6
What is the hundreds digit of 35563137?
1
What is the millions digit of 1114148068?
4
What is the hundred millions digit of 4685306872?
6
What is the ten thousands digit of 95095326?
9
What is the ten thousands digit of 157892584?
9
What is the ten millions digit of 154562812?
5
What is the hundreds digit of 89009321?
3
What is the ten thousands digit of 28416306?
1
What is the thousands digit of 586904864?
4
What is the tens digit of 1569906652?
5
What is the millions digit of 142004409?
2
What is the hundreds digit of 76479878?
8
What is the hundred millions digit of 157182002?
1
What is the hundred thousands digit of 68569276?
5
What is the units digit of 77609709?
9
What is the hundred millions digit of 234185046?
2
What is the thousands digit of 48420982?
0
What is the millions digit of 10140227?
0
What is the tens digit of 50733849?
4
What is the thousands digit of 527893187?
3
What is the ten millions digit of 1412952286?
1
What is the ten thousands digit of 1369152034?
5
What is the thousands digit of 2010272?
0
What is the ten millions digit of 194666744?
9
What is the units digit of 1280733828?
8
What is the tens digit of 574452618?
1
What is the units digit of 30008551?
1
What is the ten thousands digit of 47945761?
4
What is the millions digit of 200942547?
0
What is the hundred thousands digit of 46365802?
3
What is the hundred millions digit of 2122515108?
1
What is the billions digit of 1651840640?
1
What is the hundred thousands digit of 490526285?
5
What is the hundred thousands digit of 388628114?
6
What is the units digit of 7863960?
0
What is the billions digit of 2101051185?
2
What is the thousands digit of 50020758?
0
What is the ten millions digit of 2086711558?
8
What is the ten millions digit of 2438611825?
3
What is the thousands digit of 95180779?
0
What is the hundred thousands digit of 29573670?
5
What is the millions digit of 1320622842?
0
What is the tens digit of 211748746?
4
What is the millions digit of 2644383?
2
What is the tens digit of 550843704?
0
What is the hundred thousands digit of 2279180715?
1
What is the hundred thousands digit of 125743494?
7
What is the ten thousands digit of 2225710803?
1
What is the ten thousands digit of 1139257978?
5
What is the thousands digit of 30253509?
3
What is the millions digit of 79795297?
9
What is the hundred thousands digit of 717434888?
4
What is the hundred millions digit of 148115166?
1
What is the tens digit of 4933204713?
1
What is the tens digit of 238215262?
6
What is the tens digit of 1239279115?
1
What is the thousands digit of 799870440?
0
What is the millions digit of 74995072?
4
What is the units digit of 226662244?
4
What is the hundred thousands digit of 459484882?
4
What is the millions digit of 495372284?
5
What is the thousands digit of 296468636?
8
What is the thousands digit of 40049232?
9
What is the ten millions digit of 54153216?
5
What is the millions digit of 3889575522?
9
What is the ten thousands digit of 189111208?
1
What is the units digit of 1394448356?
6
What is the hundred millions digit of 1900436347?
9
What is the hundreds digit of 1177688086?
0
What is the millions digit of 576208121?
6
What is the millions digit of 515049145?
5
What is the hundreds digit of 73533169?
1
What is the millions digit of 145901338?
5
What is the tens digit of 1192579270?
7
What is the hundred millions digit of 1104674394?
1
What is the ten millions digit of 1008368521?
0
What is the units digit of 1126771566?
6
What is the hundred thousands digit of 2506508404?
5
What is the hundreds digit of 3320926367?
3
What is the units digit of 127067340?
0
What is the hundred millions digit of 286025082?
2
What is the ten thousands digit of 6631375?
3
What is the thousands digit of 751359654?
9
What is the millions digit of 2171873228?
1
What is the thousands digit of 4138610312?
0
What is the ten thousands digit of 13711047?
1
What is the millions digit of 2690052381?
0
What is the hundred thousands digit of 118249431?
2
What is the millions digit of 145603912?
5
What is the millions digit of 34077996?
4
What is the hundred millions digit of 755718273?
7
What is the hundreds digit of 5442256389?
3
What is the thousands digit of 53363819?
3
What is the thousands digit of 477194213?
4
What is the ten thousands digit of 58630666?
3
What is the hundreds digit of 292443731?
7
What is the hundreds digit of 103623647?
6
What is the tens digit of 4892224160?
6
What is the ten millions digit of 371366669?
7
What is the ten millions digit of 298504565?
9
What is the units digit of 1539087572?
2
What is the thousands digit of 2630102829?
2
What is the units digit of 6888084514?
4
What is the hundred thousands digit of 2144495655?
4
What is the hundred thousands digit of 14679203?
6
What is the ten thousands digit of 1360810?
6
What is the millions digit of 50477365?
0
What is the units digit of 61449250?
0
What is the hundreds digit of 163874962?
9
What is the hundred thousands digit of 58442946?
4
What is the millions digit of 21464643?
1
What is the ten millions digit of 135114282?
3
What is the thousands digit of 3117109211?
9
What is the ten millions digit of 68205287?
6
What is the units digit of 1365532308?
8
What is the hundreds digit of 161177438?
4
What is the ten millions digit of 42757767?
4
What is the millions digit of 3976438901?
6
What is the millions digit of 71699039?
1
What is the hundred millions digit of 2772380419?
7
What is the hundreds digit of 81739299?
2
What is the hundred thousands digit of 889907131?
9
What is the ten millions digit of 898918727?
9
What is the thousands digit of 183043029?
3
What is the hundred millions digit of 1136964593?
1
What is the hundreds digit of 45935455?
4
What is the hundred thousands digit of 353084113?
0
What is the hundreds digit of 37382579?
5
What is the hundreds digit of 44766559?
5
What is the millions digit of 18269210?
8
What is the units digit of 3788085610?
0
What is the millions digit of 18960763?
8
What is the thousands digit of 532116545?
6
What is the thousands digit of 266752?
6
What is the tens digit of 82019477?
7
What is the ten thousands digit of 572545639?
4
What is the units digit of 17734268?
8
What is the units digit of 50758155?
5
What is the thousands digit of 23463718?
3
What is the units digit of 83914767?
7
What is the thousands digit of 47778881?
8
What is the thousands digit of 2698612259?
2
What is the ten millions digit of 26789699?
2
What is the units digit of 74925711?
1
What is the ten thousands digit of 35708020?
0
What is the millions digit of 100593368?
0
What is the thousands digit of 28726385?
6
What is the hundred thousands digit of 190942484?
9
What is the thousands digit of 81020891?
0
What is the ten millions digit of 474998008?
7
What is the units digit of 3638255525?
5
What is the hundred thousands digit of 582964469?
9
What is the hundred millions digit of 673712646?
6
What is the hundred thousands digit of 4405556016?
5
What is the ten thousands digit of 62921933?
2
What is the thousands digit of 1945612566?
2
What is the units digit of 1954810498?
8
What is the millions digit of 6631900?
6
What is the units digit of 8970250?
0
What is the millions digit of 75671000?
5
What is the units digit of 63536743?
3
What is the te